8?
True
Does 28 divide 468188?
True
Is 66909 a multiple of 350?
False
Is 281 a factor of 1268715?
True
Is 24626 a multiple of 10?
False
Is 967 a factor of 736677?
False
Is 748159 a multiple of 27?
False
Does 2 divide 101998?
True
Is 4367728 a multiple of 16?
True
Is 42278 a multiple of 13?
False
Is 1284854 a multiple of 629?
False
Is 156319 a multiple of 3?
False
Is 21329 even?
False
Is 1323764 a multiple of 472?
False
Does 24 divide 126704?
False
Is 17 a factor of 4072435?
True
Is 32 a factor of 99712?
True
Does 219 divide 5032839?
True
Is 45781 a multiple of 50?
False
Is 54 a factor of 6555384?
True
Is 47 a factor of 3149377?
False
Does 7 divide 31142?
False
Does 45 divide 162405?
True
Is 364884 a multiple of 2?
True
Is 25603866 a multiple of 18?
True
Does 36 divide 26748?
True
Is 6120174 a multiple of 314?
True
Does 457 divide 784212?
True
Is 558956 a multiple of 131?
False
Is 23 a factor of 147706?
True
Is 16 a factor of 226982?
False
Is 626 a factor of 617149?
False
Is 16 a factor of 603346?
False
Is 9166810 a multiple of 38?
False
Is 22 a factor of 179586?
True
Is 22 a factor of 98370?
False
Does 8 divide 25698?
False
Is 4644684 a multiple of 666?
True
Is 258 a factor of 148366?
False
Is 8 a factor of 6391715?
False
Is 606 a factor of 1028844?
False
Is 4764636 a multiple of 12?
True
Is 121800 even?
True
Does 33 divide 205524?
True
Is 2321509 a multiple of 41?
False
Is 259 a factor of 826776?
False
Is 10870900 a multiple of 20?
True
Does 145 divide 97730?
True
Is 4 a factor of 199088?
True
Is 415 a factor of 1117595?
True
Is 8 a factor of 783717?
False
Is 70723 a multiple of 27?
False
Does 433 divide 168870?
True
Is 3 a factor of 1010310?
True
Is 934720 a multiple of 23?
True
Is 4 a factor of 307191?
False
Does 146 divide 515672?
True
Is 388 a factor of 525841?
False
Is 50 a factor of 133703?
False
Is 696515 a multiple of 48?
False
Does 197 divide 3527876?
True
Is 2 a factor of 115616?
True
Is 402 a factor of 6929676?
True
Is 1018 a factor of 216942?
False
Is 13888296 a multiple of 1937?
False
Does 855 divide 2764710?
False
Does 19 divide 186553?
False
Does 136 divide 198698?
False
Does 10 divide 6890?
True
Is 21 a factor of 2810411?
False
Is 13608757 a multiple of 112?
False
Is 303 a factor of 329878?
False
Does 14 divide 121240?
True
Does 10 divide 8230?
True
Is 145 a factor of 4075101?
False
Is 7724936 a multiple of 17?
True
Is 16 a factor of 1649352?
False
Does 224 divide 710737?
False
Is 3 a factor of 80973?
True
Is 11 a factor of 258081?
False
Is 170 a factor of 2101816?
False
Is 1702954 a multiple of 31?
True
Does 18 divide 52938?
True
Is 924512 a multiple of 125?
False
Is 214 a factor of 1596868?
True
Does 151 divide 35726?
False
Does 121 divide 74306?
False
Does 5 divide 120068?
False
Is 482118 a multiple of 9?
False
Does 655 divide 7974889?
False
Is 381 a factor of 4040886?
True
Is 59 a factor of 214524?
True
Is 157 a factor of 115866?
True
Does 7 divide 364994?
True
Is 19 a factor of 561982?
True
Does 1137 divide 1067279?
False
Is 2235461 a multiple of 49?
False
Is 262 a factor of 235054?
False
Does 21 divide 13148790?
False
Does 9 divide 380781?
True
Is 644 a factor of 519064?
True
Does 15 divide 3018428?
False
Does 2 divide 6639?
False
Is 45 a factor of 311901?
False
Is 177320 a multiple of 143?
True
Is 1084550 a multiple of 57?
False
Is 193 a factor of 210059?
False
Is 3721759 a multiple of 650?
False
Does 108 divide 52830?
False
Is 13 a factor of 2567539?
True
Does 737 divide 872608?
True
Is 242 a factor of 611292?
True
Is 1789 a factor of 36502756?
True
Is 125 a factor of 4305375?
True
Is 1410357 a multiple of 38?
False
Is 55685 a multiple of 35?
True
Is 64 a factor of 64?
True
Is 118580 a multiple of 220?
True
Does 224 divide 321216?
True
Is 140769 a multiple of 9?
True
Does 49 divide 2480991?
False
Does 81 divide 3933846?
True
Is 107 a factor of 543239?
True
Is 1998631 a multiple of 18?
False
Does 148 divide 1026824?
True
Is 628 a multiple of 4?
True
Is 148399 a multiple of 294?
False
Is 5 a factor of 23441?
False
Is 938 a factor of 8304987?
False
Does 187 divide 115415?
False
Is 58 a factor of 1256046?
False
Is 1460705 a multiple of 230?
False
Is 67 a factor of 161243?
False
Does 3 divide 16042?
False
Does 13 divide 83249?
False
Does 41 divide 70207?
False
Is 156 a factor of 54973?
False
Is 107993 a multiple of 36?
False
Is 9644 a multiple of 91?
False
Does 338 divide 17994782?
True
Is 472742 a multiple of 239?
True
Does 24 divide 171616?
False
Is 21 a factor of 395094?
True
Does 30 divide 2308677?
False
Is 78 a factor of 209352?
True
Does 15 divide 7159911?
False
Is 1456462 a multiple of 14?
True
Is 106816 a multiple of 8?
True
Is 153 a factor of 306153?
True
Is 9555821 a multiple of 864?
False
Is 65 a factor of 978705?
True
Is 3347544 a multiple of 606?
True
Is 221291 a multiple of 21?
False
Does 14 divide 6419140?
True
Does 10 divide 41661?
False
Is 1226 a factor of 4409942?
False
Is 35554 a multiple of 245?
False
Is 12652748 a multiple of 2681?
False
Does 5 divide 3395290?
True
Does 10 divide 457410?
True
Does 156 divide 154685?
False
Does 13 divide 7000232?
False
Is 1980 a multiple of 22?
True
Is 12 a factor of 3244877?
False
Is 9279136 a multiple of 61?
False
Is 122251 a multiple of 132?
False
Is 24 a factor of 551362?
False
Is 1047733 a multiple of 40?
False
Does 9 divide 2223630?
True
Is 3 a factor of 127230?
True
Is 310 a factor of 1819162?
False
Is 21 a factor of 125880?
False
Is 4 a factor of 11640?
True
Is 36 a factor of 1194027?
False
Is 490769 a multiple of 18?
False
Is 377 a factor of 385834?
False
Does 29 divide 316506?
True
Does 402 divide 3925082?
False
Is 12 a factor of 1371219?
False
Is 233122 a multiple of 15?
False
Is 690447 a multiple of 40?
False
Does 44 divide 60456?
True
Does 39 divide 106614?
False
Is 287 a factor of 3786104?
True
Is 9 a factor of 20259?
True
Is 651528 a multiple of 72?
True
Is 116 a factor of 1946931?
False
Does 13 divide 2419665?
False
Is 11625 a multiple of 15?
True
Is 762 a factor of 678942?
True
Is 628948 a multiple of 3?
False
Is 130975 a multiple of 5?
True
Is 58376 a multiple of 14?
False
Is 6 a factor of 60702?
True
Is 50 a factor of 1145450?
True
Is 28656 a multiple of 199?
True
Is 14358146 a multiple of 86?
False
Is 922681 a multiple of 13?
False
Is 124947 a multiple of 35?
False
Is 880 a factor of 3742907?
False
Does 75 divide 474075?
True
Does 15 divide 156018?
False
Is 21966 a multiple of 6?
True
Is 64182 a multiple of 327?
False
Does 61 divide 14376?
False
Does 18 divide 147855?
False
Is 11 a factor of 189960?
False
Is 11350748 a multiple of 358?
True
Is 78 a factor of 294294?
True
Is 2 a factor of 154060?
True
Is 952640 a multiple of 10?
True
Is 534 a factor of 98256?
True
Is 138815 a multiple of 31?
False
Does 307 divide 811401?
True
Does 89 divide 297691?
False
Is 19 a factor of 693520?
False
Is 253 a factor of 204680?
False
Does 41 divide 50010?
False
Does 76 divide 26428164?
True
Does 6 divide 2561336?
False
Is 13 a factor of 199467?
False
Does 764 divide 5600380?
False
Does 10 divide 2391990?
True
Is 21 a factor of 15795?
False
Is 215 a factor of 1467375?
True
Does 38 divide 513652?
False
Is 345870 a multiple of 45?
True
Does 85 divide 7735?
True
Is 372 a factor of 54662?
False
Does 79 divide 164320?
True
Is 5811600 a multiple of 870?
True
Is 2090 a factor of 11247704?
False
Is 19 a factor of 1238306?
True
Is 881196 a multiple of 19?
False
Is 4 a factor of 203922?
False
Does 440 divide 76120?
True
Is 573658 a multiple of 97?
True
Is 71 a factor of 681180?
False
Is 148 a factor of 1680984?
True
Does 503 divide 8022810?
False
Is 5393344 a multiple of 1034?
True
Is 80346 a multiple of 21?
True
Is 378140 a multiple of 7?
True
Is 450632 a multiple of 182?
True
Is 392801 a multiple of 187?
False
Is 3 a factor of 42411?
True
Does 210 divide 20897964?
False
Is 52442 a multiple of 26?
True
Does 12 divide 142767?
False
Is 4598213 a multiple of 884?
False
Does 14 divide 77840?
True
Is 29512 a multiple of 68?
True
Is 6 a factor of 15288?
True
Is 27 a factor of 14094?
True
Is 17 a factor of 5820373?
False
Is 607383 a multiple of 21?
True
Does 45 divide 1106631?
False
Is 55044 a multiple of 99?
True
Does 59 divide 388763?
False
Is 525770 a multiple of 259?
True
Is 